{"id":1574,"date":"2024-08-23T12:26:10","date_gmt":"2024-08-23T15:26:10","guid":{"rendered":"https:\/\/marketsys.com.br\/?page_id=1574"},"modified":"2024-08-23T14:39:26","modified_gmt":"2024-08-23T17:39:26","slug":"marketsys-adm","status":"publish","type":"page","link":"https:\/\/marketsys.com.br\/?page_id=1574","title":{"rendered":"Marketsys ADM"},"content":{"rendered":"\t\t<div data-elementor-type=\"wp-page\" data-elementor-id=\"1574\" class=\"elementor elementor-1574\">\n\t\t\t\t<div class=\"elementor-element elementor-element-63241b4 e-flex e-con-boxed e-con e-parent\" data-id=\"63241b4\" data-element_type=\"container\">\n\t\t\t\t\t<div class=\"e-con-inner\">\n\t\t<div class=\"elementor-element elementor-element-0741e44 e-con-full e-flex e-con e-child\" data-id=\"0741e44\" data-element_type=\"container\">\n\t\t<div class=\"elementor-element elementor-element-44355a4 e-con-full e-flex e-con e-child\" data-id=\"44355a4\" data-element_type=\"container\">\n\t\t\t\t<div class=\"elementor-element elementor-element-453e880 elementor-widget elementor-widget-image\" data-id=\"453e880\" data-element_type=\"widget\" data-widget_type=\"image.default\">\n\t\t\t\t<div class=\"elementor-widget-container\">\n\t\t\t<style>\/*! elementor - v3.23.0 - 05-08-2024 *\/\n.elementor-widget-image{text-align:center}.elementor-widget-image a{display:inline-block}.elementor-widget-image a img[src$=\".svg\"]{width:48px}.elementor-widget-image img{vertical-align:middle;display:inline-block}<\/style>\t\t\t\t\t\t\t\t\t\t<img fetchpriority=\"high\" decoding=\"async\" width=\"735\" height=\"195\" src=\"https:\/\/marketsys.com.br\/wp-content\/uploads\/2024\/08\/logo-eps-arquivo-editavel-ai-adm.png\" class=\"attachment-large size-large wp-image-1547\" alt=\"\" srcset=\"https:\/\/marketsys.com.br\/wp-content\/uploads\/2024\/08\/logo-eps-arquivo-editavel-ai-adm.png 735w, https:\/\/marketsys.com.br\/wp-content\/uploads\/2024\/08\/logo-eps-arquivo-editavel-ai-adm-300x80.png 300w\" sizes=\"(max-width: 735px) 100vw, 735px\" \/>\t\t\t\t\t\t\t\t\t\t\t\t\t<\/div>\n\t\t\t\t<\/div>\n\t\t\t\t<\/div>\n\t\t<div class=\"elementor-element elementor-element-9337752 e-con-full e-flex e-con e-child\" data-id=\"9337752\" data-element_type=\"container\">\n\t\t\t\t<div class=\"elementor-element elementor-element-b4490ac elementor-widget elementor-widget-heading\" data-id=\"b4490ac\" data-element_type=\"widget\" data-widget_type=\"heading.default\">\n\t\t\t\t<div class=\"elementor-widget-container\">\n\t\t\t<style>\/*! elementor - v3.23.0 - 05-08-2024 *\/\n.elementor-heading-title{padding:0;margin:0;line-height:1}.elementor-widget-heading .elementor-heading-title[class*=elementor-size-]>a{color:inherit;font-size:inherit;line-height:inherit}.elementor-widget-heading .elementor-heading-title.elementor-size-small{font-size:15px}.elementor-widget-heading .elementor-heading-title.elementor-size-medium{font-size:19px}.elementor-widget-heading .elementor-heading-title.elementor-size-large{font-size:29px}.elementor-widget-heading .elementor-heading-title.elementor-size-xl{font-size:39px}.elementor-widget-heading .elementor-heading-title.elementor-size-xxl{font-size:59px}<\/style><h2 class=\"elementor-heading-title elementor-size-default\">ADM - Sistema de administra\u00e7\u00e3o, cobran\u00e7a e gest\u00e3o de receb\u00edveis<\/h2>\t\t<\/div>\n\t\t\t\t<\/div>\n\t\t\t\t<\/div>\n\t\t\t\t<\/div>\n\t\t<div class=\"elementor-element elementor-element-7199eaa e-con-full e-flex e-con e-child\" data-id=\"7199eaa\" data-element_type=\"container\">\n\t\t\t\t<div class=\"elementor-element elementor-element-8524028 e-transform e-transform e-transform elementor-widget elementor-widget-image\" data-id=\"8524028\" data-element_type=\"widget\" data-settings=\"{&quot;_transform_rotateZ_effect_hover&quot;:{&quot;unit&quot;:&quot;px&quot;,&quot;size&quot;:0,&quot;sizes&quot;:[]},&quot;_transform_scale_effect_hover&quot;:{&quot;unit&quot;:&quot;px&quot;,&quot;size&quot;:1.2,&quot;sizes&quot;:[]},&quot;_transform_rotateZ_effect_hover_tablet&quot;:{&quot;unit&quot;:&quot;deg&quot;,&quot;size&quot;:&quot;&quot;,&quot;sizes&quot;:[]},&quot;_transform_rotateZ_effect_hover_mobile&quot;:{&quot;unit&quot;:&quot;deg&quot;,&quot;size&quot;:&quot;&quot;,&quot;sizes&quot;:[]},&quot;_transform_translateX_effect_hover&quot;:{&quot;unit&quot;:&quot;px&quot;,&quot;size&quot;:&quot;&quot;,&quot;sizes&quot;:[]},&quot;_transform_translateX_effect_hover_tablet&quot;:{&quot;unit&quot;:&quot;px&quot;,&quot;size&quot;:&quot;&quot;,&quot;sizes&quot;:[]},&quot;_transform_translateX_effect_hover_mobile&quot;:{&quot;unit&quot;:&quot;px&quot;,&quot;size&quot;:&quot;&quot;,&quot;sizes&quot;:[]},&quot;_transform_translateY_effect_hover&quot;:{&quot;unit&quot;:&quot;px&quot;,&quot;size&quot;:&quot;&quot;,&quot;sizes&quot;:[]},&quot;_transform_translateY_effect_hover_tablet&quot;:{&quot;unit&quot;:&quot;px&quot;,&quot;size&quot;:&quot;&quot;,&quot;sizes&quot;:[]},&quot;_transform_translateY_effect_hover_mobile&quot;:{&quot;unit&quot;:&quot;px&quot;,&quot;size&quot;:&quot;&quot;,&quot;sizes&quot;:[]},&quot;_transform_scale_effect_hover_tablet&quot;:{&quot;unit&quot;:&quot;px&quot;,&quot;size&quot;:&quot;&quot;,&quot;sizes&quot;:[]},&quot;_transform_scale_effect_hover_mobile&quot;:{&quot;unit&quot;:&quot;px&quot;,&quot;size&quot;:&quot;&quot;,&quot;sizes&quot;:[]}}\" data-widget_type=\"image.default\">\n\t\t\t\t<div class=\"elementor-widget-container\">\n\t\t\t\t\t\t\t\t\t\t\t\t\t<img decoding=\"async\" width=\"615\" height=\"413\" src=\"https:\/\/marketsys.com.br\/wp-content\/uploads\/2022\/05\/services-image-1.webp\" class=\"attachment-large size-large wp-image-532\" alt=\"\" srcset=\"https:\/\/marketsys.com.br\/wp-content\/uploads\/2022\/05\/services-image-1.webp 615w, https:\/\/marketsys.com.br\/wp-content\/uploads\/2022\/05\/services-image-1-300x201.webp 300w\" sizes=\"(max-width: 615px) 100vw, 615px\" \/>\t\t\t\t\t\t\t\t\t\t\t\t\t<\/div>\n\t\t\t\t<\/div>\n\t\t\t\t<\/div>\n\t\t\t\t\t<\/div>\n\t\t\t\t<\/div>\n\t\t<div class=\"elementor-element elementor-element-8aafeac e-flex e-con-boxed e-con e-parent\" data-id=\"8aafeac\" data-element_type=\"container\">\n\t\t\t\t\t<div class=\"e-con-inner\">\n\t\t\t\t<div class=\"elementor-element elementor-element-9e2901e elementor-widget elementor-widget-text-editor\" data-id=\"9e2901e\" data-element_type=\"widget\" data-widget_type=\"text-editor.default\">\n\t\t\t\t<div class=\"elementor-widget-container\">\n\t\t\t<style>\/*! elementor - v3.23.0 - 05-08-2024 *\/\n.elementor-widget-text-editor.elementor-drop-cap-view-stacked .elementor-drop-cap{background-color:#69727d;color:#fff}.elementor-widget-text-editor.elementor-drop-cap-view-framed .elementor-drop-cap{color:#69727d;border:3px solid;background-color:transparent}.elementor-widget-text-editor:not(.elementor-drop-cap-view-default) .elementor-drop-cap{margin-top:8px}.elementor-widget-text-editor:not(.elementor-drop-cap-view-default) .elementor-drop-cap-letter{width:1em;height:1em}.elementor-widget-text-editor .elementor-drop-cap{float:left;text-align:center;line-height:1;font-size:50px}.elementor-widget-text-editor .elementor-drop-cap-letter{display:inline-block}<\/style>\t\t\t\t<p>O sistema Marketsys ADM \u00e9 um sistema desenvolvido para o setor administrativo e financeiro de empresas. Marketsys ADM possui uma interface completa e organizada, em que possibilita ao usu\u00e1rio, obter um relat\u00f3rio financeiro detalhado, al\u00e9m de uma an\u00e1lise de campanhas financeiras e de per\u00edodo de campanha, detalhes de devedores e atendimento, filtro por titulos, etc.<\/p>\t\t\t\t\t\t<\/div>\n\t\t\t\t<\/div>\n\t\t\t\t\t<\/div>\n\t\t\t\t<\/div>\n\t\t<div class=\"elementor-element elementor-element-4905c29 e-flex e-con-boxed e-con e-parent\" data-id=\"4905c29\" data-element_type=\"container\">\n\t\t\t\t\t<div class=\"e-con-inner\">\n\t\t<div class=\"elementor-element elementor-element-f69fa7c e-con-full e-flex e-con e-child\" data-id=\"f69fa7c\" data-element_type=\"container\">\n\t\t\t\t<div class=\"elementor-element elementor-element-3227e8e elementor-widget elementor-widget-image\" data-id=\"3227e8e\" data-element_type=\"widget\" data-widget_type=\"image.default\">\n\t\t\t\t<div class=\"elementor-widget-container\">\n\t\t\t\t\t\t\t\t\t\t\t\t\t<img decoding=\"async\" width=\"224\" height=\"770\" src=\"https:\/\/marketsys.com.br\/wp-content\/uploads\/2024\/08\/Menu-Lateral.png\" class=\"attachment-large size-large wp-image-1579\" alt=\"\" srcset=\"https:\/\/marketsys.com.br\/wp-content\/uploads\/2024\/08\/Menu-Lateral.png 224w, https:\/\/marketsys.com.br\/wp-content\/uploads\/2024\/08\/Menu-Lateral-87x300.png 87w\" sizes=\"(max-width: 224px) 100vw, 224px\" \/>\t\t\t\t\t\t\t\t\t\t\t\t\t<\/div>\n\t\t\t\t<\/div>\n\t\t\t\t<\/div>\n\t\t<div class=\"elementor-element elementor-element-712fcb9 e-con-full e-flex e-con e-child\" data-id=\"712fcb9\" data-element_type=\"container\">\n\t\t\t\t<div class=\"elementor-element elementor-element-ed5d613 elementor-widget elementor-widget-text-editor\" data-id=\"ed5d613\" data-element_type=\"widget\" data-widget_type=\"text-editor.default\">\n\t\t\t\t<div class=\"elementor-widget-container\">\n\t\t\t\t\t\t\t<p>O menu lateral ao lado tem alguns das principais dentro do sistema, demais ferramentas podem ser adicionadas conforme a necessidade do cliente. Em breve an\u00e1lise podemos ter um panorama geral do potencial do sistema:<\/p><p><strong>Clientes<\/strong> &#8211; Visualiza\u00e7\u00e3o dos clientes e seus dados como CNPJ, vendedor respons\u00e1vel e demais par\u00e2metros necess\u00e1rios<\/p><p><strong>Vendas e Contratos <\/strong>&#8211; Informa\u00e7\u00f5es sobre as vendas realizadas organizadas e filtradas de acordo com a sua necessidade<\/p><p><strong>Relat\u00f3rio Contratos XLS\u00a0<\/strong>&#8211; Relat\u00f3rio em formato XLS para an\u00e1lise e processo por programas externos ao sistema<\/p><p><strong>Relat\u00f3rio de Faturamento\u00a0<\/strong>&#8211; Relat\u00f3rio geral tamb\u00e9m em XLS para processamento externo dando flexibilidade \u00e0 sua opera\u00e7\u00e3o<\/p><p><strong>Contas \u00e0 Receber\u00a0<\/strong>&#8211; A seta ao lado do nome simboliza que outros menus est\u00e3o \u00e0 disposi\u00e7\u00e3o, neles \u00e9 poss\u00edvel gerar relat\u00f3rios, enviar remessas e receber al\u00e9m de integra\u00e7\u00f5es com bancos.<\/p><p><strong>Contas \u00e0 Pagar\u00a0<\/strong>&#8211; Semelhante com a din\u00e2mica acima dentro do contexto de contas \u00e0 pagar inserindo l\u00f3gica de plano de contas, centro de custos etc<\/p><p><strong>Cadastros\u00a0<\/strong>-Diversos cadastros como fornecedores, empresas, produtos ou servi\u00e7os, tudo isso pensando em otimizar o fluxo de seus processos<\/p><p>Ao usu\u00e1rio tamb\u00e9m existe a possibilidade de gerar relat\u00f3rios simples e complexos de acordo com a necessidade da opera\u00e7\u00e3o da empresa. As informa\u00e7\u00f5es s\u00e3o dispostas de diferentes maneiras e filtradas por diversos par\u00e2metros, abaixo os relat\u00f3rios financeiros como um exemplo de uma das diversas p\u00e1ginas de relat\u00f3rios presentes no sistema:<\/p>\t\t\t\t\t\t<\/div>\n\t\t\t\t<\/div>\n\t\t\t\t<\/div>\n\t\t\t\t\t<\/div>\n\t\t\t\t<\/div>\n\t\t<div class=\"elementor-element elementor-element-08c48e6 e-flex e-con-boxed e-con e-parent\" data-id=\"08c48e6\" data-element_type=\"container\">\n\t\t\t\t\t<div class=\"e-con-inner\">\n\t\t\t\t<div class=\"elementor-element elementor-element-6f8439b elementor-widget elementor-widget-image\" data-id=\"6f8439b\" data-element_type=\"widget\" data-widget_type=\"image.default\">\n\t\t\t\t<div class=\"elementor-widget-container\">\n\t\t\t\t\t\t\t\t\t\t\t\t\t<img loading=\"lazy\" decoding=\"async\" width=\"1024\" height=\"416\" src=\"https:\/\/marketsys.com.br\/wp-content\/uploads\/2024\/08\/Relatoriovenc-1024x416.png\" class=\"attachment-large size-large wp-image-1580\" alt=\"\" srcset=\"https:\/\/marketsys.com.br\/wp-content\/uploads\/2024\/08\/Relatoriovenc-1024x416.png 1024w, https:\/\/marketsys.com.br\/wp-content\/uploads\/2024\/08\/Relatoriovenc-300x122.png 300w, https:\/\/marketsys.com.br\/wp-content\/uploads\/2024\/08\/Relatoriovenc-768x312.png 768w, https:\/\/marketsys.com.br\/wp-content\/uploads\/2024\/08\/Relatoriovenc-1536x624.png 1536w, https:\/\/marketsys.com.br\/wp-content\/uploads\/2024\/08\/Relatoriovenc.png 1895w\" sizes=\"(max-width: 1024px) 100vw, 1024px\" \/>\t\t\t\t\t\t\t\t\t\t\t\t\t<\/div>\n\t\t\t\t<\/div>\n\t\t\t\t<div class=\"elementor-element elementor-element-73901b8 elementor-widget elementor-widget-text-editor\" data-id=\"73901b8\" data-element_type=\"widget\" data-widget_type=\"text-editor.default\">\n\t\t\t\t<div class=\"elementor-widget-container\">\n\t\t\t\t\t\t\t<p>O sistema Marketsys ADM \u00e9 um sistema desenvolvido para o setor administrativo e financeiro de empresas. Marketsys ADM possui uma interface completa e organizada, em que possibilita ao usu\u00e1rio, obter um relat\u00f3rio financeiro detalhado, al\u00e9m de uma an\u00e1lise de campanhas financeiras e de per\u00edodo de campanha, detalhes de devedores e atendimento, filtro por titulos, etc.<\/p>\t\t\t\t\t\t<\/div>\n\t\t\t\t<\/div>\n\t\t\t\t\t<\/div>\n\t\t\t\t<\/div>\n\t\t<div class=\"elementor-element elementor-element-d694cb8 e-flex e-con-boxed e-con e-parent\" data-id=\"d694cb8\" data-element_type=\"container\" data-settings=\"{&quot;background_background&quot;:&quot;classic&quot;}\">\n\t\t\t\t\t<div class=\"e-con-inner\">\n\t\t\t\t<div class=\"elementor-element elementor-element-e2f6f95 elementor-widget__width-initial elementor-widget-tablet__width-inherit elementor-widget elementor-widget-image\" data-id=\"e2f6f95\" data-element_type=\"widget\" data-widget_type=\"image.default\">\n\t\t\t\t<div class=\"elementor-widget-container\">\n\t\t\t\t\t\t\t\t\t\t\t\t\t<img loading=\"lazy\" decoding=\"async\" width=\"820\" height=\"550\" src=\"https:\/\/marketsys.com.br\/wp-content\/uploads\/2022\/05\/article-image-9.webp\" class=\"attachment-large size-large wp-image-720\" alt=\"\" srcset=\"https:\/\/marketsys.com.br\/wp-content\/uploads\/2022\/05\/article-image-9.webp 820w, https:\/\/marketsys.com.br\/wp-content\/uploads\/2022\/05\/article-image-9-300x201.webp 300w, https:\/\/marketsys.com.br\/wp-content\/uploads\/2022\/05\/article-image-9-768x515.webp 768w\" sizes=\"(max-width: 820px) 100vw, 820px\" \/>\t\t\t\t\t\t\t\t\t\t\t\t\t<\/div>\n\t\t\t\t<\/div>\n\t\t<div class=\"elementor-element elementor-element-1f08f85 e-con-full e-flex e-con e-child\" data-id=\"1f08f85\" data-element_type=\"container\">\n\t\t\t\t<div class=\"elementor-element elementor-element-613d2b3 elementor-widget elementor-widget-heading\" data-id=\"613d2b3\" data-element_type=\"widget\" data-widget_type=\"heading.default\">\n\t\t\t\t<div class=\"elementor-widget-container\">\n\t\t\t<h3 class=\"elementor-heading-title elementor-size-default\">Gest\u00e3o simplificada e focada<\/h3>\t\t<\/div>\n\t\t\t\t<\/div>\n\t\t\t\t<div class=\"elementor-element elementor-element-65cb163 elementor-widget elementor-widget-text-editor\" data-id=\"65cb163\" data-element_type=\"widget\" data-widget_type=\"text-editor.default\">\n\t\t\t\t<div class=\"elementor-widget-container\">\n\t\t\t\t\t\t\t<p>Com essa ferramenta voc\u00ea poder\u00e1 alcan\u00e7ar todo o potencial do seu neg\u00f3cio, focando no mais importante.<\/p>\t\t\t\t\t\t<\/div>\n\t\t\t\t<\/div>\n\t\t\t\t<div class=\"elementor-element elementor-element-1d93283 elementor-tablet-align-center elementor-widget elementor-widget-button\" data-id=\"1d93283\" data-element_type=\"widget\" data-widget_type=\"button.default\">\n\t\t\t\t<div class=\"elementor-widget-container\">\n\t\t\t\t\t<div class=\"elementor-button-wrapper\">\n\t\t\t<a class=\"elementor-button elementor-button-link elementor-size-sm\" href=\"https:\/\/web.whatsapp.com\/send?phone=5511969312047&#038;text=Ol%C3%A1!%20Entrei%20em%20contato%20pelo%20site%20da%20Marketsys%20e%20gostaria%20de%20algumas%20informa%C3%A7%C3%B5es%20.\">\n\t\t\t\t\t\t<span class=\"elementor-button-content-wrapper\">\n\t\t\t\t\t\t\t\t\t<span class=\"elementor-button-text\">Fale conosco<\/span>\n\t\t\t\t\t<\/span>\n\t\t\t\t\t<\/a>\n\t\t<\/div>\n\t\t\t\t<\/div>\n\t\t\t\t<\/div>\n\t\t\t\t<\/div>\n\t\t\t\t\t<\/div>\n\t\t\t\t<\/div>\n\t\t\t\t<\/div>\n\t\t","protected":false},"excerpt":{"rendered":"<p>ADM &#8211; Sistema de administra\u00e7\u00e3o, cobran\u00e7a e gest\u00e3o de receb\u00edveis O sistema Marketsys ADM \u00e9 um sistema desenvolvido para o setor administrativo e financeiro de empresas. Marketsys ADM possui uma interface completa e organizada, em que possibilita ao usu\u00e1rio, obter um relat\u00f3rio financeiro detalhado, al\u00e9m de uma an\u00e1lise de campanhas financeiras e de per\u00edodo de [&hellip;]<\/p>\n","protected":false},"author":1,"featured_media":0,"parent":0,"menu_order":0,"comment_status":"closed","ping_status":"closed","template":"","meta":{"content-type":"","footnotes":""},"class_list":["post-1574","page","type-page","status-publish","hentry"],"blocksy_meta":[],"_links":{"self":[{"href":"https:\/\/marketsys.com.br\/index.php?rest_route=\/wp\/v2\/pages\/1574"}],"collection":[{"href":"https:\/\/marketsys.com.br\/index.php?rest_route=\/wp\/v2\/pages"}],"about":[{"href":"https:\/\/marketsys.com.br\/index.php?rest_route=\/wp\/v2\/types\/page"}],"author":[{"embeddable":true,"href":"https:\/\/marketsys.com.br\/index.php?rest_route=\/wp\/v2\/users\/1"}],"replies":[{"embeddable":true,"href":"https:\/\/marketsys.com.br\/index.php?rest_route=%2Fwp%2Fv2%2Fcomments&post=1574"}],"version-history":[{"count":7,"href":"https:\/\/marketsys.com.br\/index.php?rest_route=\/wp\/v2\/pages\/1574\/revisions"}],"predecessor-version":[{"id":1583,"href":"https:\/\/marketsys.com.br\/index.php?rest_route=\/wp\/v2\/pages\/1574\/revisions\/1583"}],"wp:attachment":[{"href":"https:\/\/marketsys.com.br\/index.php?rest_route=%2Fwp%2Fv2%2Fmedia&parent=1574"}],"curies":[{"name":"wp","href":"https:\/\/api.w.org\/{rel}","templated":true}]}}