{"id":1558,"date":"2024-08-22T16:14:10","date_gmt":"2024-08-22T19:14:10","guid":{"rendered":"https:\/\/marketsys.com.br\/?page_id=1558"},"modified":"2024-08-23T12:19:51","modified_gmt":"2024-08-23T15:19:51","slug":"marketsys-crm","status":"publish","type":"page","link":"https:\/\/marketsys.com.br\/?page_id=1558","title":{"rendered":"Marketsys CRM\u200b"},"content":{"rendered":"\t\t<div data-elementor-type=\"wp-page\" data-elementor-id=\"1558\" class=\"elementor elementor-1558\">\n\t\t\t\t<div class=\"elementor-element elementor-element-7cb4153 e-flex e-con-boxed e-con e-parent\" data-id=\"7cb4153\" data-element_type=\"container\">\n\t\t\t\t\t<div class=\"e-con-inner\">\n\t\t<div class=\"elementor-element elementor-element-13df4d1 e-con-full e-flex e-con e-child\" data-id=\"13df4d1\" data-element_type=\"container\">\n\t\t<div class=\"elementor-element elementor-element-a797e8a e-con-full e-flex e-con e-child\" data-id=\"a797e8a\" data-element_type=\"container\">\n\t\t\t\t<div class=\"elementor-element elementor-element-91f5a24 elementor-widget elementor-widget-image\" data-id=\"91f5a24\" data-element_type=\"widget\" data-widget_type=\"image.default\">\n\t\t\t\t<div class=\"elementor-widget-container\">\n\t\t\t<style>\/*! elementor - v3.23.0 - 05-08-2024 *\/\n.elementor-widget-image{text-align:center}.elementor-widget-image a{display:inline-block}.elementor-widget-image a img[src$=\".svg\"]{width:48px}.elementor-widget-image img{vertical-align:middle;display:inline-block}<\/style>\t\t\t\t\t\t\t\t\t\t<img fetchpriority=\"high\" decoding=\"async\" width=\"735\" height=\"195\" src=\"https:\/\/marketsys.com.br\/wp-content\/uploads\/2024\/08\/logo-eps-arquivo-editavel-ai-crm.png\" class=\"attachment-large size-large wp-image-1546\" alt=\"\" srcset=\"https:\/\/marketsys.com.br\/wp-content\/uploads\/2024\/08\/logo-eps-arquivo-editavel-ai-crm.png 735w, https:\/\/marketsys.com.br\/wp-content\/uploads\/2024\/08\/logo-eps-arquivo-editavel-ai-crm-300x80.png 300w\" sizes=\"(max-width: 735px) 100vw, 735px\" \/>\t\t\t\t\t\t\t\t\t\t\t\t\t<\/div>\n\t\t\t\t<\/div>\n\t\t\t\t<\/div>\n\t\t<div class=\"elementor-element elementor-element-90a4e64 e-con-full e-flex e-con e-child\" data-id=\"90a4e64\" data-element_type=\"container\">\n\t\t\t\t<div class=\"elementor-element elementor-element-3c91f94 elementor-widget elementor-widget-heading\" data-id=\"3c91f94\" data-element_type=\"widget\" data-widget_type=\"heading.default\">\n\t\t\t\t<div class=\"elementor-widget-container\">\n\t\t\t<style>\/*! elementor - v3.23.0 - 05-08-2024 *\/\n.elementor-heading-title{padding:0;margin:0;line-height:1}.elementor-widget-heading .elementor-heading-title[class*=elementor-size-]>a{color:inherit;font-size:inherit;line-height:inherit}.elementor-widget-heading .elementor-heading-title.elementor-size-small{font-size:15px}.elementor-widget-heading .elementor-heading-title.elementor-size-medium{font-size:19px}.elementor-widget-heading .elementor-heading-title.elementor-size-large{font-size:29px}.elementor-widget-heading .elementor-heading-title.elementor-size-xl{font-size:39px}.elementor-widget-heading .elementor-heading-title.elementor-size-xxl{font-size:59px}<\/style><h2 class=\"elementor-heading-title elementor-size-default\">A import\u00e2ncia da utiliza\u00e7\u00e3o de um CRM<\/h2>\t\t<\/div>\n\t\t\t\t<\/div>\n\t\t\t\t<\/div>\n\t\t\t\t<\/div>\n\t\t<div class=\"elementor-element elementor-element-e7fd56d e-con-full e-flex e-con e-child\" data-id=\"e7fd56d\" data-element_type=\"container\">\n\t\t\t\t<div class=\"elementor-element elementor-element-610883f e-transform e-transform e-transform elementor-widget elementor-widget-image\" data-id=\"610883f\" data-element_type=\"widget\" data-settings=\"{&quot;_transform_rotateZ_effect_hover&quot;:{&quot;unit&quot;:&quot;px&quot;,&quot;size&quot;:0,&quot;sizes&quot;:[]},&quot;_transform_scale_effect_hover&quot;:{&quot;unit&quot;:&quot;px&quot;,&quot;size&quot;:1.2,&quot;sizes&quot;:[]},&quot;_transform_rotateZ_effect_hover_tablet&quot;:{&quot;unit&quot;:&quot;deg&quot;,&quot;size&quot;:&quot;&quot;,&quot;sizes&quot;:[]},&quot;_transform_rotateZ_effect_hover_mobile&quot;:{&quot;unit&quot;:&quot;deg&quot;,&quot;size&quot;:&quot;&quot;,&quot;sizes&quot;:[]},&quot;_transform_translateX_effect_hover&quot;:{&quot;unit&quot;:&quot;px&quot;,&quot;size&quot;:&quot;&quot;,&quot;sizes&quot;:[]},&quot;_transform_translateX_effect_hover_tablet&quot;:{&quot;unit&quot;:&quot;px&quot;,&quot;size&quot;:&quot;&quot;,&quot;sizes&quot;:[]},&quot;_transform_translateX_effect_hover_mobile&quot;:{&quot;unit&quot;:&quot;px&quot;,&quot;size&quot;:&quot;&quot;,&quot;sizes&quot;:[]},&quot;_transform_translateY_effect_hover&quot;:{&quot;unit&quot;:&quot;px&quot;,&quot;size&quot;:&quot;&quot;,&quot;sizes&quot;:[]},&quot;_transform_translateY_effect_hover_tablet&quot;:{&quot;unit&quot;:&quot;px&quot;,&quot;size&quot;:&quot;&quot;,&quot;sizes&quot;:[]},&quot;_transform_translateY_effect_hover_mobile&quot;:{&quot;unit&quot;:&quot;px&quot;,&quot;size&quot;:&quot;&quot;,&quot;sizes&quot;:[]},&quot;_transform_scale_effect_hover_tablet&quot;:{&quot;unit&quot;:&quot;px&quot;,&quot;size&quot;:&quot;&quot;,&quot;sizes&quot;:[]},&quot;_transform_scale_effect_hover_mobile&quot;:{&quot;unit&quot;:&quot;px&quot;,&quot;size&quot;:&quot;&quot;,&quot;sizes&quot;:[]}}\" data-widget_type=\"image.default\">\n\t\t\t\t<div class=\"elementor-widget-container\">\n\t\t\t\t\t\t\t\t\t\t\t\t\t<img decoding=\"async\" width=\"615\" height=\"413\" src=\"https:\/\/marketsys.com.br\/wp-content\/uploads\/2022\/05\/services-image-2.webp\" class=\"attachment-large size-large wp-image-533\" alt=\"\" srcset=\"https:\/\/marketsys.com.br\/wp-content\/uploads\/2022\/05\/services-image-2.webp 615w, https:\/\/marketsys.com.br\/wp-content\/uploads\/2022\/05\/services-image-2-300x201.webp 300w\" sizes=\"(max-width: 615px) 100vw, 615px\" \/>\t\t\t\t\t\t\t\t\t\t\t\t\t<\/div>\n\t\t\t\t<\/div>\n\t\t\t\t<\/div>\n\t\t\t\t\t<\/div>\n\t\t\t\t<\/div>\n\t\t<div class=\"elementor-element elementor-element-a550144 e-flex e-con-boxed e-con e-parent\" data-id=\"a550144\" data-element_type=\"container\">\n\t\t\t\t\t<div class=\"e-con-inner\">\n\t\t\t\t<div class=\"elementor-element elementor-element-d9569bd elementor-widget elementor-widget-text-editor\" data-id=\"d9569bd\" data-element_type=\"widget\" data-widget_type=\"text-editor.default\">\n\t\t\t\t<div class=\"elementor-widget-container\">\n\t\t\t<style>\/*! elementor - v3.23.0 - 05-08-2024 *\/\n.elementor-widget-text-editor.elementor-drop-cap-view-stacked .elementor-drop-cap{background-color:#69727d;color:#fff}.elementor-widget-text-editor.elementor-drop-cap-view-framed .elementor-drop-cap{color:#69727d;border:3px solid;background-color:transparent}.elementor-widget-text-editor:not(.elementor-drop-cap-view-default) .elementor-drop-cap{margin-top:8px}.elementor-widget-text-editor:not(.elementor-drop-cap-view-default) .elementor-drop-cap-letter{width:1em;height:1em}.elementor-widget-text-editor .elementor-drop-cap{float:left;text-align:center;line-height:1;font-size:50px}.elementor-widget-text-editor .elementor-drop-cap-letter{display:inline-block}<\/style>\t\t\t\t<p>O atendimento ao cliente \u00e9 uma das fases mais importantes para a concretiza\u00e7\u00e3o de um neg\u00f3cio. Para isso, a utiliza\u00e7\u00e3o de um CRM facilita o processo desse atendimento em todas as etapas, garantindo maior produtividade em sua empresa.<\/p>\n<p>O CRM &#8211; Gest\u00e3o de Relacionamento com Cliente &#8211; \u00e9\u00a0um software utilizado para fazer o gerenciamento sobre a rela\u00e7\u00e3o que a empresa tem com o seu cliente, possui diversos recursos que v\u00e3o desde a estrat\u00e9gia de integra\u00e7\u00e3o com diversos meios de comunica\u00e7\u00e3o e os principais ERPs do mercado, como tamb\u00e9m inclui o gerenciamento e a automa\u00e7\u00e3o dos processos operacionais de sua empresa.<\/p>\t\t\t\t\t\t<\/div>\n\t\t\t\t<\/div>\n\t\t\t\t<div class=\"elementor-element elementor-element-f5515a9 elementor-widget elementor-widget-heading\" data-id=\"f5515a9\" data-element_type=\"widget\" data-widget_type=\"heading.default\">\n\t\t\t\t<div class=\"elementor-widget-container\">\n\t\t\t<h2 class=\"elementor-heading-title elementor-size-default\">Gerenciamento completo de sua empresa<\/h2>\t\t<\/div>\n\t\t\t\t<\/div>\n\t\t\t\t\t<\/div>\n\t\t\t\t<\/div>\n\t\t<div class=\"elementor-element elementor-element-162228e e-grid e-con-boxed e-con e-parent\" data-id=\"162228e\" data-element_type=\"container\">\n\t\t\t\t\t<div class=\"e-con-inner\">\n\t\t\t\t<div class=\"elementor-element elementor-element-3a5c0c7 elementor-widget elementor-widget-text-editor\" data-id=\"3a5c0c7\" data-element_type=\"widget\" data-widget_type=\"text-editor.default\">\n\t\t\t\t<div class=\"elementor-widget-container\">\n\t\t\t\t\t\t\t<p>Tenha ainda mais a satisfa\u00e7\u00e3o dos clientes oferecendo um atendimento r\u00e1pido e de qualidade respons\u00e1vel pelo acompanhamento telef\u00f4nico, cadastro de chamados, an\u00e1lise de problemas, reclama\u00e7\u00f5es e solicita\u00e7\u00f5es. Al\u00e9m de capacitar a realiza\u00e7\u00e3o de tarefas voltadas as a\u00e7\u00f5es repetitivas de marketing de vendas, em variados pontos no seu ciclo de vida.<\/p>\t\t\t\t\t\t<\/div>\n\t\t\t\t<\/div>\n\t\t\t\t<div class=\"elementor-element elementor-element-eccdbf6 elementor-widget elementor-widget-image\" data-id=\"eccdbf6\" data-element_type=\"widget\" data-widget_type=\"image.default\">\n\t\t\t\t<div class=\"elementor-widget-container\">\n\t\t\t\t\t\t\t\t\t\t\t\t\t<img decoding=\"async\" width=\"414\" height=\"276\" src=\"https:\/\/marketsys.com.br\/wp-content\/uploads\/2024\/08\/cliente-edited-3.png\" class=\"attachment-large size-large wp-image-1561\" alt=\"\" srcset=\"https:\/\/marketsys.com.br\/wp-content\/uploads\/2024\/08\/cliente-edited-3.png 414w, https:\/\/marketsys.com.br\/wp-content\/uploads\/2024\/08\/cliente-edited-3-300x200.png 300w\" sizes=\"(max-width: 414px) 100vw, 414px\" \/>\t\t\t\t\t\t\t\t\t\t\t\t\t<\/div>\n\t\t\t\t<\/div>\n\t\t\t\t<div class=\"elementor-element elementor-element-7be94a7 elementor-widget elementor-widget-image\" data-id=\"7be94a7\" data-element_type=\"widget\" data-widget_type=\"image.default\">\n\t\t\t\t<div class=\"elementor-widget-container\">\n\t\t\t\t\t\t\t\t\t\t\t\t\t<img loading=\"lazy\" decoding=\"async\" width=\"605\" height=\"453\" src=\"https:\/\/marketsys.com.br\/wp-content\/uploads\/2024\/08\/cliente-edited-2.png\" class=\"attachment-large size-large wp-image-1560\" alt=\"\" srcset=\"https:\/\/marketsys.com.br\/wp-content\/uploads\/2024\/08\/cliente-edited-2.png 605w, https:\/\/marketsys.com.br\/wp-content\/uploads\/2024\/08\/cliente-edited-2-300x225.png 300w\" sizes=\"(max-width: 605px) 100vw, 605px\" \/>\t\t\t\t\t\t\t\t\t\t\t\t\t<\/div>\n\t\t\t\t<\/div>\n\t\t\t\t\t<\/div>\n\t\t\t\t<\/div>\n\t\t<div class=\"elementor-element elementor-element-97399f0 e-grid e-con-boxed e-con e-parent\" data-id=\"97399f0\" data-element_type=\"container\">\n\t\t\t\t\t<div class=\"e-con-inner\">\n\t\t\t\t<div class=\"elementor-element elementor-element-64be16c elementor-widget elementor-widget-image\" data-id=\"64be16c\" data-element_type=\"widget\" data-widget_type=\"image.default\">\n\t\t\t\t<div class=\"elementor-widget-container\">\n\t\t\t\t\t\t\t\t\t\t\t\t\t<img loading=\"lazy\" decoding=\"async\" width=\"923\" height=\"518\" src=\"https:\/\/marketsys.com.br\/wp-content\/uploads\/2024\/08\/ticketcomval-2-edited-1.png\" class=\"attachment-large size-large wp-image-1565\" alt=\"\" srcset=\"https:\/\/marketsys.com.br\/wp-content\/uploads\/2024\/08\/ticketcomval-2-edited-1.png 923w, https:\/\/marketsys.com.br\/wp-content\/uploads\/2024\/08\/ticketcomval-2-edited-1-300x168.png 300w, https:\/\/marketsys.com.br\/wp-content\/uploads\/2024\/08\/ticketcomval-2-edited-1-768x431.png 768w\" sizes=\"(max-width: 923px) 100vw, 923px\" \/>\t\t\t\t\t\t\t\t\t\t\t\t\t<\/div>\n\t\t\t\t<\/div>\n\t\t\t\t<div class=\"elementor-element elementor-element-310cb9f elementor-widget elementor-widget-text-editor\" data-id=\"310cb9f\" data-element_type=\"widget\" data-widget_type=\"text-editor.default\">\n\t\t\t\t<div class=\"elementor-widget-container\">\n\t\t\t\t\t\t\t<p>Por meio do CRM, \u00e9 poss\u00edvel entender quais as principais necessidades dos clientes, bem como acompanhar todo o processo de relacionamento, desde a fase de abertura do Ticket (Registro de um atendimento ao cliente feito dentro do sistema) at\u00e9 a sua conclus\u00e3o atrav\u00e9s do controle de dados, centralizando todas as informa\u00e7\u00f5es importantes de cada cliente.<\/p>\t\t\t\t\t\t<\/div>\n\t\t\t\t<\/div>\n\t\t\t\t\t<\/div>\n\t\t\t\t<\/div>\n\t\t<div class=\"elementor-element elementor-element-435394e e-flex e-con-boxed e-con e-parent\" data-id=\"435394e\" data-element_type=\"container\">\n\t\t\t\t\t<div class=\"e-con-inner\">\n\t\t<div class=\"elementor-element elementor-element-5672137 e-con-full e-flex e-con e-child\" data-id=\"5672137\" data-element_type=\"container\">\n\t\t\t\t<div class=\"elementor-element elementor-element-da9d54b elementor-widget elementor-widget-heading\" data-id=\"da9d54b\" data-element_type=\"widget\" data-widget_type=\"heading.default\">\n\t\t\t\t<div class=\"elementor-widget-container\">\n\t\t\t<h2 class=\"elementor-heading-title elementor-size-default\">Automa\u00e7\u00e3o<\/h2>\t\t<\/div>\n\t\t\t\t<\/div>\n\t\t\t\t<\/div>\n\t\t<div class=\"elementor-element elementor-element-08cbc90 e-con-full e-flex e-con e-child\" data-id=\"08cbc90\" data-element_type=\"container\">\n\t\t\t\t<div class=\"elementor-element elementor-element-c0ba46f elementor-widget elementor-widget-text-editor\" data-id=\"c0ba46f\" data-element_type=\"widget\" data-widget_type=\"text-editor.default\">\n\t\t\t\t<div class=\"elementor-widget-container\">\n\t\t\t\t\t\t\t<p>Automa\u00e7\u00e3o dos processos operacionais de vendas, marketing e atendimento ao cliente, como: gerenciamento de pedidos, relat\u00f3rios, registro de informa\u00e7\u00f5es, ocorr\u00eancias e monitoramento de tarefas.<\/p>\t\t\t\t\t\t<\/div>\n\t\t\t\t<\/div>\n\t\t\t\t<\/div>\n\t\t<div class=\"elementor-element elementor-element-69a1d06 e-con-full e-flex e-con e-child\" data-id=\"69a1d06\" data-element_type=\"container\">\n\t\t\t\t<div class=\"elementor-element elementor-element-38e6101 elementor-widget elementor-widget-text-editor\" data-id=\"38e6101\" data-element_type=\"widget\" data-widget_type=\"text-editor.default\">\n\t\t\t\t<div class=\"elementor-widget-container\">\n\t\t\t\t\t\t\t<p>Elimine os processos demorados e repetitivos da rotina da sua empresa. Otimize o tempo da sua equipe de atendimento ao cliente aumentando a sua produtividade!<\/p>\t\t\t\t\t\t<\/div>\n\t\t\t\t<\/div>\n\t\t\t\t<\/div>\n\t\t<div class=\"elementor-element elementor-element-3c985e2 e-con-full e-flex e-con e-child\" data-id=\"3c985e2\" data-element_type=\"container\">\n\t\t\t\t<div class=\"elementor-element elementor-element-4cca0a1 elementor-widget elementor-widget-text-editor\" data-id=\"4cca0a1\" data-element_type=\"widget\" data-widget_type=\"text-editor.default\">\n\t\t\t\t<div class=\"elementor-widget-container\">\n\t\t\t\t\t\t\t<p>Essa automa\u00e7\u00e3o trabalha para impedir e evitar a chamada \u201cduplica\u00e7\u00e3o\u201d de vendas e esfor\u00e7os entre vendedor e cliente. O sistema realiza assim, o monitoramento dos contatos automaticamente, e tamb\u00e9m, das pr\u00f3ximas a\u00e7\u00f5es referentes a um determinado cliente.<\/p>\t\t\t\t\t\t<\/div>\n\t\t\t\t<\/div>\n\t\t\t\t<\/div>\n\t\t\t\t\t<\/div>\n\t\t\t\t<\/div>\n\t\t<div class=\"elementor-element elementor-element-0e20cfd e-flex e-con-boxed e-con e-parent\" data-id=\"0e20cfd\" data-element_type=\"container\" data-settings=\"{&quot;background_background&quot;:&quot;classic&quot;}\">\n\t\t\t\t\t<div class=\"e-con-inner\">\n\t\t\t\t<div class=\"elementor-element elementor-element-3100a0c elementor-widget__width-initial elementor-widget-tablet__width-inherit elementor-widget elementor-widget-image\" data-id=\"3100a0c\" data-element_type=\"widget\" data-widget_type=\"image.default\">\n\t\t\t\t<div class=\"elementor-widget-container\">\n\t\t\t\t\t\t\t\t\t\t\t\t\t<img loading=\"lazy\" decoding=\"async\" width=\"827\" height=\"1024\" src=\"https:\/\/marketsys.com.br\/wp-content\/uploads\/2022\/05\/about-strategy-image-827x1024.webp\" class=\"attachment-large size-large wp-image-331\" alt=\"\" srcset=\"https:\/\/marketsys.com.br\/wp-content\/uploads\/2022\/05\/about-strategy-image-827x1024.webp 827w, https:\/\/marketsys.com.br\/wp-content\/uploads\/2022\/05\/about-strategy-image-242x300.webp 242w, https:\/\/marketsys.com.br\/wp-content\/uploads\/2022\/05\/about-strategy-image-768x951.webp 768w, https:\/\/marketsys.com.br\/wp-content\/uploads\/2022\/05\/about-strategy-image.webp 945w\" sizes=\"(max-width: 827px) 100vw, 827px\" \/>\t\t\t\t\t\t\t\t\t\t\t\t\t<\/div>\n\t\t\t\t<\/div>\n\t\t<div class=\"elementor-element elementor-element-fe2d718 e-con-full e-flex e-con e-child\" data-id=\"fe2d718\" data-element_type=\"container\">\n\t\t\t\t<div class=\"elementor-element elementor-element-7bfe016 elementor-widget elementor-widget-heading\" data-id=\"7bfe016\" data-element_type=\"widget\" data-widget_type=\"heading.default\">\n\t\t\t\t<div class=\"elementor-widget-container\">\n\t\t\t<h3 class=\"elementor-heading-title elementor-size-default\">Tudo para integra\u00e7\u00e3o<\/h3>\t\t<\/div>\n\t\t\t\t<\/div>\n\t\t\t\t<div class=\"elementor-element elementor-element-9bdff11 elementor-widget elementor-widget-text-editor\" data-id=\"9bdff11\" data-element_type=\"widget\" data-widget_type=\"text-editor.default\">\n\t\t\t\t<div class=\"elementor-widget-container\">\n\t\t\t\t\t\t\t<p>CRM com integra\u00e7\u00e3o WhatsApp Business, Chat e E-mail, como tamb\u00e9m a net2phone, principal ferramenta de telefonia da Marketsys! Al\u00e9m disso, pode ser integrada aos principais ERPs do mercado.<\/p>\t\t\t\t\t\t<\/div>\n\t\t\t\t<\/div>\n\t\t\t\t<div class=\"elementor-element elementor-element-ec0997c elementor-tablet-align-center elementor-widget elementor-widget-button\" data-id=\"ec0997c\" data-element_type=\"widget\" data-widget_type=\"button.default\">\n\t\t\t\t<div class=\"elementor-widget-container\">\n\t\t\t\t\t<div class=\"elementor-button-wrapper\">\n\t\t\t<a class=\"elementor-button elementor-button-link elementor-size-sm\" href=\"https:\/\/web.whatsapp.com\/send?phone=5511969312047&#038;text=Ol%C3%A1!%20Entrei%20em%20contato%20pelo%20site%20da%20Marketsys%20e%20gostaria%20de%20algumas%20informa%C3%A7%C3%B5es%20.\">\n\t\t\t\t\t\t<span class=\"elementor-button-content-wrapper\">\n\t\t\t\t\t\t\t\t\t<span class=\"elementor-button-text\">Fale conosco<\/span>\n\t\t\t\t\t<\/span>\n\t\t\t\t\t<\/a>\n\t\t<\/div>\n\t\t\t\t<\/div>\n\t\t\t\t<\/div>\n\t\t\t\t<\/div>\n\t\t\t\t\t<\/div>\n\t\t\t\t<\/div>\n\t\t\t\t<\/div>\n\t\t","protected":false},"excerpt":{"rendered":"<p>A import\u00e2ncia da utiliza\u00e7\u00e3o de um CRM O atendimento ao cliente \u00e9 uma das fases mais importantes para a concretiza\u00e7\u00e3o de um neg\u00f3cio. Para isso, a utiliza\u00e7\u00e3o de um CRM facilita o processo desse atendimento em todas as etapas, garantindo maior produtividade em sua empresa. O CRM &#8211; Gest\u00e3o de Relacionamento com Cliente &#8211; \u00e9\u00a0um [&hellip;]<\/p>\n","protected":false},"author":1,"featured_media":0,"parent":0,"menu_order":0,"comment_status":"closed","ping_status":"closed","template":"","meta":{"content-type":"","footnotes":""},"class_list":["post-1558","page","type-page","status-publish","hentry"],"blocksy_meta":[],"_links":{"self":[{"href":"https:\/\/marketsys.com.br\/index.php?rest_route=\/wp\/v2\/pages\/1558"}],"collection":[{"href":"https:\/\/marketsys.com.br\/index.php?rest_route=\/wp\/v2\/pages"}],"about":[{"href":"https:\/\/marketsys.com.br\/index.php?rest_route=\/wp\/v2\/types\/page"}],"author":[{"embeddable":true,"href":"https:\/\/marketsys.com.br\/index.php?rest_route=\/wp\/v2\/users\/1"}],"replies":[{"embeddable":true,"href":"https:\/\/marketsys.com.br\/index.php?rest_route=%2Fwp%2Fv2%2Fcomments&post=1558"}],"version-history":[{"count":10,"href":"https:\/\/marketsys.com.br\/index.php?rest_route=\/wp\/v2\/pages\/1558\/revisions"}],"predecessor-version":[{"id":1573,"href":"https:\/\/marketsys.com.br\/index.php?rest_route=\/wp\/v2\/pages\/1558\/revisions\/1573"}],"wp:attachment":[{"href":"https:\/\/marketsys.com.br\/index.php?rest_route=%2Fwp%2Fv2%2Fmedia&parent=1558"}],"curies":[{"name":"wp","href":"https:\/\/api.w.org\/{rel}","templated":true}]}}